+ 13).
-14
What is 29 - -28 - (6 + 7 + (-2 - 11))?
57
What is -45 + 7 + (-1114 - -1073)?
-79
What is the value of -12 - (-1 + 1 + -2 + 5) - -15?
0
7 + 5 + (47 - 4) + -1
54
38 - (-66 - (0 + -10 + -31))
63
What is the value of -43 - (-43 - 1) - 7?
-6
What is (-3977 - -3971) + (2 + -2 - -31)?
25
-65 - (12 + -30 + -66)
19
Calculate (-18 - (-8 + (15 - 11) - 3)) + (3 - 46).
-54
0 - (94 + -97 - (-1 - 3)) - 35
-36
Calculate (-80 - (-122 - 49)) + (3 - 20) + 1.
75
What is the value of 49 + -141 + (-85 - -184)?
7
Calculate 22 + (21 - (3 - (1 + 11))).
52
Evaluate 36 + 29 + (-6 - 39) + -15 + 3.
8
What is the value of (9 - 52) + -13 + 13 + 16?
-27
What is (3 - 19 - -2) + (-3 - -97) + (-31 - -72)?
121
Evaluate -5 + 88 + 381 + -438.
26
Calculate 1 - (-11 - (38 - (14 + -18 - -21))).
33
-99 + 56 + 184 + -103
38
Evaluate -137 + 21 + -23 + (2 - (-4 + (6 - -4))).
-143
Calculate 3 + (-13 + 6 - (10 - 27)) - -44.
57
What is the value of (-11 - -15 - (0 + (2 - 10))) + (-22 - -76)?
66
What is -40 + (-92 - (-55 + -4))?
-73
Calculate (-9 + 1 - (-113 - -111)) + (54 - 0).
48
-418 + 433 - (14 - 1) - 54
-52
What is the value of (-4 - -10 - -5) + (30 - (27 - -29))?
-15
-25 - ((13 + 16 - 129) + -2)
77
Calculate (-4 - (92 + 23)) + 10.
-109
What is 8 - -6 - (5 - (7 - -1)) - 74?
-57
What is 9 - (13 + 9 + -29) - 46?
-30
What is the value of 75 - (-2 - ((0 - -7) + -24 + 21 + -20))?
61
Calculate 63 + -17 + 6 - 48.
4
What is (-30 - 0) + (-195 - -196) + 80?
51
-7 + (-1 - (-32 - -55))
-31
Calculate -46 - -1 - (-681 + 721 + (-37 - 1)).
-47
Calculate -8 + -68 + -14 - (4 + -19 + 6).
-81
What is the value of 33 + 10 + -39 - (2 - 0) - -23?
25
-82 - (-70 - (-79 + 49))
-42
Evaluate (-1 - (7 + -7)) + -5 - (9 - 23 - 31).
39
4 - (-115 + 9 + (-4 - -7) + 10)
97
0 + (19 - 23) + (0 - 2) - (-32 - -31)
-5
What is the value of 2 + (-83 - 0) - (41 - (-41 + 84))?
-79
(-1 - (14 + 2)) + 28 + (-23 - -1) - 4
-15
What is the value of 24 + -1 + -24 + (8 - 2 - -3) - 48?
-40
Calculate 117 + (26 + (-8 - -11) - 26).
120
What is -1215 + 1197 + 1 + 55?
38
What is the value of 10 - (-12 - (-26 + 17 - 54))?
-41
What is 20 + -67 + -3 + (-1 - 2 - 0) + 16?
-37
-35 + (-68 - -51) + (7 - 4) - -7
-42
Calculate 65 + 33 + 85 + -36.
147
Calculate -3 + (-2 - -2) + -581 + 572.
-12
What is the value of -14 - (20 - 44 - (2 - 21))?
-9
-5 + (-20 - (3 + -6 + -9)) + -15
-28
What is the value of (15 - (35 - 18 - 12)) + (-3 - 5)?
2
Evaluate (64 - -21 - 41) + -13.
31
Calculate (10 - 2 - 12 - (13 + -87)) + -11 + 1.
60
8 - ((50 - 53) + 10 + -3 + 2 + -2)
4
Evaluate -28 - (6 - (14 - 37 - -22)).
-35
What is (-206 - (-14 - 117)) + 94?
19
(-7 - (9 + 7 + -20)) + 0 - -64 - 9
52
16 + (-9 + -5 - (-97 + 118))
-19
-7 + -1 - (13 + (-5 - -12) - (9 - -3))
-16
(-14 - (-41 - 7)) + 4 + 6 + -1 + -1
42
Calculate (-5 - (-1 + 2)) + (-211 + 67 - -59 - 12).
-103
What is the value of (-35 - (1 + -1 - -3)) + (1 - 0)?
-37
-16 + -19 - (71 - 47)
-59
Calculate -17 + (60 - (51 - 34)).
26
Evaluate -8 + 10 + -3 + 7 + (-24 - (23 + -102)).
61
(23 - -3) + -25 + 5 + -2 + -1 - 57
-54
-4 - -2 - (6 + (-22 - -35) - 30)
9
Evaluate (-8 - (2 - 0)) + 127 + (-81 - -43).
79
30 - (-4 - (-33 - 7))
-6
-77 + (-4 - -2) + (-36 - -38) + -23 + 7
-93
(7 - (12 + -4) - (1 + 12) - -10) + -27
-31
Evaluate -10 + (-1 - 21 - (33 + 5 - 33)).
-37
13 + (-1 - -88) + (11 - 23 - -2)
90
What is the value of -10 - -1 - (-59 + (145 - 83))?
-12
Evaluate -24 + -5 + -795 + 860.
36
-1 + (-2 - -1) - ((-135 - -64) + (3 - -13))
53
What is 8 - (10 - (-6 - -7))?
-1
What is the value of -104 - (80 - (66 - -147))?
29
What is 0 + 22 + (-36 - 73) + 109?
22
(-15 - 60) + 22 + 9
-44
Calculate 128 + -1 + (70 - 149) + 119 + -22.
145
Evaluate 3 + -4 + 2569 + -2589.
-21
Calculate -184 - (-54 - (107 - 34)).
-57
What is the value of 1332 + -1245 - (3 + 26)?
58
Calculate 56 + 64 + -3 + -126.
-9
What is the value of 0 - -25 - (-46 + (40 - -75))?
-44
17 - (162 - (92 + -3))
-56
What is -9 - ((-4 - -20) + 5)?
-30
Calculate 81 + (37 - 47) - 74.
-3
Calculate -73 + (9 + -18 - (-6 - -12) - -1).
-87
Evaluate 20 + 13 + -42 - (-57 - 3 - 3).
54
Evaluate -6565 + 6726 + (0 - 123).
38
Calculate (-20 - 52) + (-23 - -26 - (0 + 6)).
-75
Calculate -61 + 31 - (4 - (-24 + 4)).
-54
Evaluate (-90 + 95 - 40) + 30.
-5
What is the value of (20 - 22) + -10 + (-4 - 3) + 9 + -23?
-33
Evaluate -14 + (62 + -2 - 17).
29
What is (1237 - 1231) + (-16 - -1) - (-56 - 0)?
47
Evaluate 6 + (-25 - -41) + -30 - -31.
23
Evaluate (-5 + 10 - 5 - (-9 + 11)) + 6 + -18.
-14
24 + (1 + 0 + -11 - (899 - 906)) + -10
11
-3699 + 3795 + 1 + -108
-11
1 - -2 - (-1 + (-38 - -2) + 2)
38
What is the value of (-9 - 36) + -287 + 348?
16
What is the value of -35 - (16 - (-8 + 18) - -7)?
-48
Calculate -5 - (-8 - -105 - 3 - (-35 - -46)).
-88
What is -19 - 1 - (31 - (35 - -1 - (979 - 962)))?
-32
-3 + 1 + -54 + (-15 - -92) + -37
-16
(-3 - -18) + (83 - (-110 - -252))
-44
Evaluate 3 + 6 - (-6 + 16 + -16 + 13).
2
Evaluate (6 + 1 - 6 - -77) + 6 - (5 + 1).
78
What is the value of 42 - (-1 - (7 + 3) - -5) - (-399 + 399)?
48
Calculate (-12 + 17 + 7 - 3) + -29 - (0 + 2).
-22
What is the value of 19 + -1 - (-2813 - -2837)?
-6
Calculate 6 + (11 - -43) + (-9 - -7).
58
Calculate (-3 - -32) + -41 + (62 - 34).
16
(1656 - 1609) + -17 + (-3 - -3)
30
Calculate -11 - (108 + -80 - (0 + 31)).
-8
-24 - (-59 + (-14 - -43))
6
What is the value of -22 - (-3 + (14 - 18) - 11 - -6)?
-10
Evaluate -3536 + 3598 + 1 + -52.
11
(1 - 23 - -37) + -16 + -24
-25
Evaluate (9 - -10) + 4 + 28.
51
Evaluate (6 - (1 + 8) - (-65 + -1)) + -4 + 3.
62
Calculate (7 - ((20 - -4) + -11)) + 2 + 65 + 14.
75
Evaluate 38 + (9 + -26 - (-30 + 6 + 21)).
24
1 + (22 - (30 - -28)) + (11 - 0)
-24
What is 15 - ((8 - 15) + 19) - (0 + -24)?
27
-10 + (64 - 96) - (2 + 0)
-44
Evaluate 12 + ((-19 - 5) + -3 + 15 - -85).
85
Calculate 8 + 1 + -14 + 8 + -14 + -57.
-68
-82 - ((-74 - -65) + -28)
-45
Calculate -9 + -1 + 4 - (40 + 35 + -116).
35
Calculate -103 + (260 - 175) + (-3 - 1).
-22
Evaluate -5 + 18 - (-14 + -18 + 36).
9
What is -12 + -37 + (21 - ((-1 - -17) + -17))?
-27
What is the value of 15 - ((10 - 13 - -59 - -11) + 13)?
-65
Evaluate -53 + 34 + -39 + 94.
36
Evaluate 35 + (-2 - -6) + (-24 + 13 - -13).
41
Calculate -81 + 141 - 147 - -54.
-33
Evaluate 3 + -3 + 33 + 0 + 177 + -406 + 235.
39
Evaluate -4 + (-7 - (25 + -48)) + -29.
-17
What is 0 + 61 + 706 + -691?
76
Evaluate 2 + 0 + 1 - (10956 + -10936).
-17
Evaluate -74 + (80 - 92 - -118).
32
What is -20 - 0 - (33 + 221 + -310)?
36
What is 32 + -16 + 134 + -114 + -181?
-145
-1 + (62 + -54 - 24)
-17
Evaluate 8 + (-35 - -25) + -40.
-42
Evaluate (-84 + 3 - -87) + (-13 - 1) - -35.
27
Evaluate (102 - 295) + 250 + 3 + 40.
100
Evaluate -14 + 9 - (-15 + 6 + (57 - -4 - 2)).
-55
Evaluate (34 - (-13 + 53)) + -3 - (77 - 2).
-84
Evaluate (4 - ((-1994 - -1988) + (1 - (-2 - -1)))) + 30.
38
What is the value of -12 + (-20 - -48) + (-25 - -17)?
8
Calculate 27 + -49 - (-106 - -66).
18
What is (491 - 487) + (-1 - -15) + 5 + -9?
14
What is the value of -45 - -57 - ((-13 - -5) + 5 + (-9 - -27))?
-3
What is the value of (3 - 78) + (249 - 272)?
-98
Evaluate (-12 - -9) + -3 + 2 + 14 + (12 - 1).
21
Calculate (-5 - -7) + -1 - (-18 - (-23 + 17)).
13
22 - ((8 - 3) + -1 + -2 + (3 - 4))
21
(41 + 8 - 100) + 48
-3
What is 14 + 36 + 64 + -111?
3
(10 - 21) + 9 + 4 - (-8 - 24)
34
What is the value of -10 + 0 - (-159 + 123)?
26
What is the value of (64 - 36 - 88) + -40?
-100
What is the value of 51 + (-136 + 23 - -58)?
-4
Calculate (-98 - -60) + 37 + -33.
-34
(44 - (99 - 39)) + -4 + -1 + 148
127
5 + 7 + 0 - (99 - (8 + (-14 - 10)))
-103
3 + (9 + -13 - (-83 + (-7 - -1))) + -11
77
Calculate 15 + 5 + 36 + -75.
-19
What is -4 - (-4 - (10 + (13 - 40) + 7))?
-10
Calculate (506 - 180) + -319 + 84 + (1 - 2).
90
What is 59 - 1 - (-48 + 75)?
31
Evaluate 2 + (-33 - 32) + -4 + 6 + -1 + 8.
-54
(-25 - -12) + 62 - 3
46
Evaluate 19 - (-313 - -268 - (-16 + 2)).
50
Calculate -3 + -19 + 34 - 25.
-13
Evaluate 0 + (-57 - -49) - -136 - 8.
120
-15 + -87 + 18 - -50
-34
Evaluate -38 + 114 + -71 - (55 + 0 - 0).
-50
-13 + (6 - -1) + 13 + -7 + -15
-15
What is the value of 22 + 20 + 20 + (-19 - 12)?
31
(1 - -7) + (-500 + 523 - (-34 + 0) - 10)
55
46 + 7 + -3 + 6 + (-2 - 2 - 8)
44
-129 - -64 - 3 - -76
8
What is the value of -57 - -1 - (-2082 + 2085)?
-59
Calculate 107 + -40 +